 and 14?
14
What is the greatest common divisor of 4 and 3308?
4
Calculate the highest common divisor of 30 and 56460.
30
What is the highest common divisor of 4346 and 424?
106
Calculate the highest common divisor of 7749 and 1323.
189
Calculate the greatest common divisor of 80 and 610.
10
What is the greatest common factor of 4150 and 110?
10
What is the greatest common divisor of 322 and 14?
14
What is the highest common factor of 72 and 1737?
9
What is the greatest common divisor of 1146 and 6?
6
What is the highest common factor of 861 and 82?
41
Calculate the highest common factor of 551 and 817.
19
Calculate the highest common divisor of 1859 and 1001.
143
Calculate the greatest common divisor of 976 and 192.
16
Calculate the highest common factor of 46 and 1058.
46
What is the highest common factor of 86 and 1634?
86
Calculate the highest common divisor of 438 and 33.
3
Calculate the highest common divisor of 1095 and 584.
73
What is the highest common divisor of 38 and 17309?
19
What is the highest common divisor of 61 and 2257?
61
Calculate the highest common divisor of 204 and 68.
68
What is the greatest common divisor of 56 and 1358?
14
Calculate the highest common divisor of 116 and 754.
58
What is the greatest common divisor of 81 and 99?
9
What is the greatest common divisor of 100 and 68?
4
Calculate the highest common factor of 4 and 4612.
4
What is the greatest common divisor of 80 and 1360?
80
Calculate the greatest common divisor of 70 and 1190.
70
What is the highest common factor of 231 and 132?
33
Calculate the highest common divisor of 38 and 4617.
19
What is the greatest common divisor of 112 and 868?
28
What is the greatest common divisor of 60 and 1605?
15
What is the greatest common divisor of 492 and 29356?
164
What is the greatest common divisor of 372 and 31434?
186
Calculate the highest common factor of 78 and 2340.
78
Calculate the greatest common factor of 252 and 31626.
126
What is the greatest common factor of 34 and 2703?
17
Calculate the greatest common factor of 51 and 1955.
17
Calculate the highest common divisor of 288 and 128.
32
What is the highest common factor of 530 and 4?
2
Calculate the highest common factor of 16610 and 110.
110
What is the highest common divisor of 161 and 7475?
23
What is the highest common factor of 51 and 85?
17
Calculate the greatest common factor of 175 and 665.
35
What is the greatest common factor of 425 and 187?
17
Calculate the greatest common divisor of 141 and 29.
1
What is the highest common factor of 10 and 258?
2
Calculate the highest common factor of 237 and 3.
3
Calculate the greatest common divisor of 208 and 286.
26
Calculate the highest common factor of 55 and 35.
5
Calculate the highest common divisor of 400 and 224.
16
What is the greatest common factor of 33 and 33?
33
Calculate the highest common divisor of 84 and 300.
12
What is the greatest common factor of 21 and 51?
3
Calculate the highest common divisor of 26 and 1807.
13
What is the highest common factor of 186 and 62?
62
Calculate the highest common divisor of 8338 and 22.
22
Calculate the greatest common divisor of 14 and 14.
14
What is the highest common factor of 156 and 9?
3
Calculate the highest common factor of 232 and 4582.
58
What is the greatest common divisor of 1207 and 142?
71
What is the greatest common divisor of 6757 and 29?
29
What is the highest common factor of 88 and 2068?
44
Calculate the highest common factor of 47 and 52499.
47
Calculate the highest common divisor of 23 and 36202.
23
Calculate the greatest common factor of 69 and 2760.
69
Calculate the greatest common divisor of 49 and 2989.
49
Calculate the highest common factor of 4355 and 65.
65
What is the greatest common divisor of 224 and 40?
8
What is the greatest common factor of 57 and 6517?
19
Calculate the highest common divisor of 15 and 60.
15
Calculate the greatest common factor of 75 and 5175.
75
What is the highest common factor of 1793 and 489?
163
Calculate the highest common divisor of 94 and 47.
47
What is the highest common divisor of 39 and 1404?
39
Calculate the highest common divisor of 4 and 1332.
4
What is the greatest common divisor of 1 and 1189?
1
What is the highest common factor of 8 and 632?
8
Calculate the greatest common divisor of 90 and 234.
18
Calculate the highest common divisor of 261 and 18.
9
Calculate the highest common divisor of 140 and 4830.
70
What is the greatest common factor of 50 and 75?
25
What is the greatest common divisor of 264 and 1536?
24
Calculate the highest common factor of 2 and 26.
2
Calculate the highest common divisor of 20 and 270.
10
Calculate the highest common factor of 105 and 441.
21
Calculate the greatest common factor of 530 and 250.
10
What is the greatest common divisor of 14 and 59962?
14
What is the greatest common factor of 1302 and 465?
93
What is the greatest common factor of 368 and 46?
46
What is the greatest common divisor of 100 and 95?
5
Calculate the greatest common factor of 1100 and 660.
220
What is the greatest common factor of 7339 and 41?
41
What is the highest common factor of 415 and 83?
83
Calculate the highest common divisor of 44 and 2486.
22
Calculate the greatest common divisor of 41288 and 104.
104
Calculate the highest common divisor of 451 and 22.
11
What is the greatest common divisor of 548 and 4?
4
Calculate the greatest common divisor of 465 and 30.
15
What is the highest common divisor of 243 and 45?
9
What is the highest common divisor of 1799 and 28?
7
Calculate the highest common factor of 91 and 117.
13
What is the greatest common factor of 1430 and 40?
10
What is the greatest common divisor of 291 and 485?
97
Calculate the greatest common divisor of 60 and 1770.
30
What is the greatest common divisor of 216 and 138?
6
What is the greatest common divisor of 1 and 36?
1
Calculate the greatest common divisor of 2576 and 12.
4
What is the greatest common factor of 954 and 486?
18
Calculate the highest common factor of 99 and 1606.
11
Calculate the greatest common divisor of 1 and 53.
1
What is the greatest common factor of 59293 and 13?
13
What is the highest common divisor of 6100 and 10?
10
What is the greatest common divisor of 300 and 1750?
50
Calculate the highest common divisor of 60 and 24.
12
Calculate the highest common factor of 24858 and 18.
18
What is the highest common factor of 3450 and 12?
6
Calculate the highest common factor of 1529 and 11.
11
What is the highest common divisor of 49 and 1519?
49
Calculate the highest common factor of 4 and 1348.
4
Calculate the greatest common factor of 29 and 203.
29
Calculate the greatest common divisor of 215 and 120.
5
Calculate the highest common factor of 9 and 906.
3
What is the highest common divisor of 351 and 143?
13
What is the greatest common factor of 2720 and 3360?
160
Calculate the greatest common divisor of 198 and 414.
18
What is the greatest common factor of 720 and 264?
24
What is the greatest common factor of 86 and 1978?
86
What is the highest common factor of 390 and 660?
30
Calculate the highest common factor of 4 and 52.
4
What is the highest common divisor of 48 and 384?
48
What is the greatest common factor of 105 and 1455?
15
Calculate the greatest common divisor of 402 and 11926.
134
What is the highest common divisor of 567 and 2583?
63
Calculate the greatest common factor of 1016 and 10.
2
Calculate the greatest common factor of 68 and 92.
4
Calculate the greatest common factor of 292 and 219.
73
What is the highest common divisor of 18 and 144?
18
Calculate the highest common divisor of 27807 and 138.
69
What is the greatest common factor of 75 and 400?
25
What is the highest common divisor of 383 and 1?
1
What is the highest common divisor of 195 and 598?
13
What is the greatest common divisor of 18 and 384?
6
What is the greatest common divisor of 119 and 28?
7
Calculate the highest common divisor of 1 and 18.
1
Calculate the greatest common divisor of 118 and 590.
118
Calculate the greatest common divisor of 869 and 632.
79
What is the greatest common divisor of 38 and 361?
19
Calculate the greatest common divisor of 3320 and 10.
10
Calculate the greatest common factor of 1311 and 6.
3
What is the greatest common divisor of 150 and 